{"id":2268,"date":"2022-07-07T09:00:58","date_gmt":"2022-07-07T09:00:58","guid":{"rendered":"https:\/\/manual.smartwpthemes.com\/online-service\/?page_id=2268"},"modified":"2025-06-15T13:00:14","modified_gmt":"2025-06-15T16:00:14","slug":"home-landing","status":"publish","type":"page","link":"https:\/\/docs.traffig.com.br\/","title":{"rendered":"Home Landing"},"content":{"rendered":"\t\t<div data-elementor-type=\"wp-page\" data-elementor-id=\"2268\" class=\"elementor elementor-2268\">\n\t\t\t\t\t\t<section class=\"elementor-section elementor-top-section elementor-element elementor-element-9fceaf6 elementor-section-boxed elementor-section-height-default elementor-section-height-default\" data-id=\"9fceaf6\" data-element_type=\"section\" data-settings=\"{&quot;background_background&quot;:&quot;classic&quot;}\">\n\t\t\t\t\t\t<div class=\"elementor-container elementor-column-gap-default\">\n\t\t\t\t\t<div class=\"elementor-column elementor-col-25 elementor-top-column elementor-element elementor-element-3a74b23\" data-id=\"3a74b23\" data-element_type=\"column\">\n\t\t\t<div class=\"elementor-widget-wrap elementor-element-populated\">\n\t\t\t\t\t\t<div class=\"elementor-element elementor-element-dfabae2 elementor-widget elementor-widget-manual-postype-count-post\" data-id=\"dfabae2\" data-element_type=\"widget\" data-widget_type=\"manual-postype-count-post.default\">\n\t\t\t\t<div class=\"elementor-widget-container\">\n\t\t\t<div class=\"postype_recods_count_block \" style=\"width: 100%; padding:0px 0px 0px 0px;  \" > \r\n\t\t\t   <i class=\"far fa-file-alt\" style=\"  float: left; font-size:40px; margin:0  20px 20px 0px; color:; \"><\/i>\r\n\t\t\t   <h4>Base conhecimento<\/h4>\r\n\t\t\t   <p style=\"color:;\">1 Artigos  \/  1 Categorias<\/p>\r\n\t\t   <\/div>\t\t<\/div>\n\t\t\t\t<\/div>\n\t\t\t\t\t<\/div>\n\t\t<\/div>\n\t\t\t\t<div class=\"elementor-column elementor-col-25 elementor-top-column elementor-element elementor-element-99bc027\" data-id=\"99bc027\" data-element_type=\"column\">\n\t\t\t<div class=\"elementor-widget-wrap elementor-element-populated\">\n\t\t\t\t\t\t<div class=\"elementor-element elementor-element-ba62cb7 elementor-widget elementor-widget-manual-postype-count-post\" data-id=\"ba62cb7\" data-element_type=\"widget\" data-widget_type=\"manual-postype-count-post.default\">\n\t\t\t\t<div class=\"elementor-widget-container\">\n\t\t\t<div class=\"postype_recods_count_block \" style=\"width: 100%; padding:0px 0px 0px 0px;  \" > \r\n\t\t\t   <i class=\"far fa-folder-open\" style=\"  float: left; font-size:40px; margin:0  20px 20px 0px; color:; \"><\/i>\r\n\t\t\t   <h4>Documenta\u00e7\u00e3o<\/h4>\r\n\t\t\t   <p style=\"color:;\">0 Artigos  \/  0 Categorias<\/p>\r\n\t\t   <\/div>\t\t<\/div>\n\t\t\t\t<\/div>\n\t\t\t\t\t<\/div>\n\t\t<\/div>\n\t\t\t\t<div class=\"elementor-column elementor-col-25 elementor-top-column elementor-element elementor-element-f5b02b8\" data-id=\"f5b02b8\" data-element_type=\"column\">\n\t\t\t<div class=\"elementor-widget-wrap elementor-element-populated\">\n\t\t\t\t\t\t<div class=\"elementor-element elementor-element-cde779b elementor-widget elementor-widget-manual-postype-count-post\" data-id=\"cde779b\" data-element_type=\"widget\" data-widget_type=\"manual-postype-count-post.default\">\n\t\t\t\t<div class=\"elementor-widget-container\">\n\t\t\t<div class=\"postype_recods_count_block \" style=\"width: 100%; padding:0px 0px 0px 0px;  \" > \r\n\t\t\t   <i class=\"far fa-play-circle\" style=\"  float: left; font-size:40px; margin:0  20px 20px 0px; color:; \"><\/i>\r\n\t\t\t   <h4>V\u00eddeos<\/h4>\r\n\t\t\t   <p style=\"color:;\">5 Artigos  \/  2 Categorias<\/p>\r\n\t\t   <\/div>\t\t<\/div>\n\t\t\t\t<\/div>\n\t\t\t\t\t<\/div>\n\t\t<\/div>\n\t\t\t\t<div class=\"elementor-column elementor-col-25 elementor-top-column elementor-element elementor-element-ae77a81\" data-id=\"ae77a81\" data-element_type=\"column\">\n\t\t\t<div class=\"elementor-widget-wrap elementor-element-populated\">\n\t\t\t\t\t\t<div class=\"elementor-element elementor-element-8899b45 elementor-widget elementor-widget-manual-postype-count-post\" data-id=\"8899b45\" data-element_type=\"widget\" data-widget_type=\"manual-postype-count-post.default\">\n\t\t\t\t<div class=\"elementor-widget-container\">\n\t\t\t<div class=\"postype_recods_count_block \" style=\"width: 100%; padding:0px 0px 0px 0px;  \" > \r\n\t\t\t   <i class=\"far fa-question-circle\" style=\"  float: left; font-size:40px; margin:0  20px 20px 0px; color:; \"><\/i>\r\n\t\t\t   <h4>FAQ<\/h4>\r\n\t\t\t   <p style=\"color:;\">0 Artigos  \/  0 Categorias<\/p>\r\n\t\t   <\/div>\t\t<\/div>\n\t\t\t\t<\/div>\n\t\t\t\t\t<\/div>\n\t\t<\/div>\n\t\t\t\t\t<\/div>\n\t\t<\/section>\n\t\t\t\t<section class=\"elementor-section elementor-top-section elementor-element elementor-element-48c878c elementor-section-boxed elementor-section-height-default elementor-section-height-default\" data-id=\"48c878c\" data-element_type=\"section\" data-settings=\"{&quot;background_background&quot;:&quot;classic&quot;}\">\n\t\t\t\t\t\t<div class=\"elementor-container elementor-column-gap-default\">\n\t\t\t\t\t<div class=\"elementor-column elementor-col-66 elementor-top-column elementor-element elementor-element-d3ab14a\" data-id=\"d3ab14a\" data-element_type=\"column\">\n\t\t\t<div class=\"elementor-widget-wrap elementor-element-populated\">\n\t\t\t\t\t\t<div class=\"elementor-element elementor-element-ad2fd3e elementor-widget elementor-widget-manual-knowledgebase\" data-id=\"ad2fd3e\" data-element_type=\"widget\" data-widget_type=\"manual-knowledgebase.default\">\n\t\t\t\t<div class=\"elementor-widget-container\">\n\t\t\t<style>.body-content li.cat.inner a:before, .body-content li.cat.inner.subcat a:before { color:#404040; } <\/style><div class=\"\"><div class=\"row row-eq-height\" style=\"margin: 0px;\"><div class=\"col-md-6 col-sm-12 masonry-item body-content\"> \r\n\t\t\t<div class=\"knowledgebase-body\" style=\"border:1px solid #e1e1e1;  padding: 30px; background:#FFFFFF;\"><div class=\"kb-title-wrap\" style=\"border-radius: 5px; margin-bottom: 10px; background: #E5F5FF; padding: 15px 15px 1px 15px;\" ><div class=\"kb-masonry-icon\" ><h4><i class=\"fas fa-expand\" style=\"font-size:30px;color:#FF4800;\" ><\/i><\/h4><\/div><div class=\"vc-kb-masonry-tag-right\" style=\"padding:0px 0px 0px 50px;\"><h4><a href=\"https:\/\/docs.traffig.com.br\/index.php\/bc\/certificado-ssl\/\">Certificado SSL<\/a> \r\n\t\t\t <\/h4><div style=\"color:\"><p>Informa\u00e7\u00f5es sobre emiss\u00e3o e uso do certificado SSL<\/p>\n<\/div><\/div><\/div><ul class=\"kbse \"><li class=\"cat inner  \"> <a href=\"https:\/\/docs.traffig.com.br\/index.php\/bc\/copiar-certificado-para-outras-maquinas-rede\/\" >Copiar certificado para outras maquinas rede<\/a> <\/li><\/ul><\/div> <\/div><\/div><\/div>\t\t<\/div>\n\t\t\t\t<\/div>\n\t\t\t\t\t<\/div>\n\t\t<\/div>\n\t\t\t\t<div class=\"elementor-column elementor-col-33 elementor-top-column elementor-element elementor-element-16e6cb1\" data-id=\"16e6cb1\" data-element_type=\"column\">\n\t\t\t<div class=\"elementor-widget-wrap elementor-element-populated\">\n\t\t\t\t\t\t<div class=\"elementor-element elementor-element-7e72087 elementor-widget elementor-widget-manual-kb-popular-article\" data-id=\"7e72087\" data-element_type=\"widget\" data-widget_type=\"manual-kb-popular-article.default\">\n\t\t\t\t<div class=\"elementor-widget-container\">\n\t\t\t<div class=\"vc_kb_article_type sidebar-nav sidebar-widget widget_kb_cat_widget vc-kb-popular-widget\"><div class=\"display-faq-section\"><h5 class=\"widget-title widget-custom\" style=\"margin-bottom: 25px;\"><span>Mais populares<\/span><\/h5><ul class=\"clearfix\"><li class=\"articles  \"><a href=\"https:\/\/docs.traffig.com.br\/index.php\/bc\/copiar-certificado-para-outras-maquinas-rede\/\" rel=\"bookmark\">Copiar certificado para outras maquinas rede<\/a><\/li><\/ul><\/div><\/div>\t\t<\/div>\n\t\t\t\t<\/div>\n\t\t\t\t<div class=\"elementor-element elementor-element-41bcad1 elementor-widget elementor-widget-manual-kb-popular-article\" data-id=\"41bcad1\" data-element_type=\"widget\" data-widget_type=\"manual-kb-popular-article.default\">\n\t\t\t\t<div class=\"elementor-widget-container\">\n\t\t\t<div class=\"vc_kb_article_type sidebar-nav sidebar-widget widget_kb_cat_widget vc-kb-popular-widget\"><div class=\"display-faq-section\"><h5 class=\"widget-title widget-custom\" style=\"margin-bottom: 25px;\"><span>Mais recentes<\/span><\/h5><ul class=\"clearfix\"><li class=\"articles  \"><a href=\"https:\/\/docs.traffig.com.br\/index.php\/bc\/copiar-certificado-para-outras-maquinas-rede\/\" rel=\"bookmark\">Copiar certificado para outras maquinas rede<\/a><\/li><\/ul><\/div><\/div>\t\t<\/div>\n\t\t\t\t<\/div>\n\t\t\t\t<div class=\"elementor-element elementor-element-4e32e6e elementor-widget elementor-widget-manual-kb-popular-article\" data-id=\"4e32e6e\" data-element_type=\"widget\" data-widget_type=\"manual-kb-popular-article.default\">\n\t\t\t\t<div class=\"elementor-widget-container\">\n\t\t\t<div class=\"vc_kb_article_type sidebar-nav sidebar-widget widget_kb_cat_widget vc-kb-popular-widget\"><div class=\"display-faq-section\"><h5 class=\"widget-title widget-custom\" style=\"margin-bottom: 25px;\"><span>Atualizados recentemente<\/span><\/h5><ul class=\"clearfix\"><li class=\"articles  \"><a href=\"https:\/\/docs.traffig.com.br\/index.php\/bc\/copiar-certificado-para-outras-maquinas-rede\/\" rel=\"bookmark\">Copiar certificado para outras maquinas rede<\/a><\/li><\/ul><\/div><\/div>\t\t<\/div>\n\t\t\t\t<\/div>\n\t\t\t\t\t<\/div>\n\t\t<\/div>\n\t\t\t\t\t<\/div>\n\t\t<\/section>\n\t\t\t\t<section class=\"elementor-section elementor-top-section elementor-element elementor-element-15b840b elementor-section-boxed elementor-section-height-default elementor-section-height-default\" data-id=\"15b840b\" data-element_type=\"section\" data-settings=\"{&quot;background_background&quot;:&quot;classic&quot;}\">\n\t\t\t\t\t\t<div class=\"elementor-container elementor-column-gap-default\">\n\t\t\t\t\t<div class=\"elementor-column elementor-col-100 elementor-top-column elementor-element elementor-element-07c8fc6\" data-id=\"07c8fc6\" data-element_type=\"column\">\n\t\t\t<div class=\"elementor-widget-wrap elementor-element-populated\">\n\t\t\t\t\t\t<div class=\"elementor-element elementor-element-f311e67 elementor-widget elementor-widget-heading\" data-id=\"f311e67\" data-element_type=\"widget\" data-widget_type=\"heading.default\">\n\t\t\t\t<div class=\"elementor-widget-container\">\n\t\t\t<h2 class=\"elementor-heading-title elementor-size-default\">V\u00eddeos<\/h2>\t\t<\/div>\n\t\t\t\t<\/div>\n\t\t\t\t<div class=\"elementor-element elementor-element-cab0196 elementor-widget elementor-widget-text-editor\" data-id=\"cab0196\" data-element_type=\"widget\" data-widget_type=\"text-editor.default\">\n\t\t\t\t<div class=\"elementor-widget-container\">\n\t\t\t\t\t\t\t<p>Visite nossa documenta\u00e7\u00e3o em v\u00eddeos<\/p>\t\t\t\t\t\t<\/div>\n\t\t\t\t<\/div>\n\t\t\t\t<div class=\"elementor-element elementor-element-36e677c elementor-widget-divider--view-line elementor-widget elementor-widget-divider\" data-id=\"36e677c\" data-element_type=\"widget\" data-widget_type=\"divider.default\">\n\t\t\t\t<div class=\"elementor-widget-container\">\n\t\t\t\t\t<div class=\"elementor-divider\">\n\t\t\t<span class=\"elementor-divider-separator\">\n\t\t\t\t\t\t<\/span>\n\t\t<\/div>\n\t\t\t\t<\/div>\n\t\t\t\t<\/div>\n\t\t\t\t\t<\/div>\n\t\t<\/div>\n\t\t\t\t\t<\/div>\n\t\t<\/section>\n\t\t\t\t<section class=\"elementor-section elementor-top-section elementor-element elementor-element-10753d0 elementor-section-boxed elementor-section-height-default elementor-section-height-default\" data-id=\"10753d0\" data-element_type=\"section\" data-settings=\"{&quot;background_background&quot;:&quot;classic&quot;}\">\n\t\t\t\t\t\t<div class=\"elementor-container elementor-column-gap-default\">\n\t\t\t\t\t<div class=\"elementor-column elementor-col-33 elementor-top-column elementor-element elementor-element-c78fae5\" data-id=\"c78fae5\" data-element_type=\"column\">\n\t\t\t<div class=\"elementor-widget-wrap elementor-element-populated\">\n\t\t\t\t\t\t<div class=\"elementor-element elementor-element-f17a0b5 elementor-widget elementor-widget-video\" data-id=\"f17a0b5\" data-element_type=\"widget\" data-settings=\"{&quot;youtube_url&quot;:&quot;https:\\\/\\\/youtu.be\\\/Cl2lwu-Lv5c?si=lYMcGyfryP7hlU16&quot;,&quot;show_image_overlay&quot;:&quot;yes&quot;,&quot;image_overlay&quot;:{&quot;url&quot;:&quot;http:\\\/\\\/docs.traffig.com.br\\\/wp-content\\\/uploads\\\/2024\\\/12\\\/img_meta_controle_acesso_escolar.jpg&quot;,&quot;id&quot;:2647,&quot;size&quot;:&quot;&quot;,&quot;alt&quot;:&quot;&quot;,&quot;source&quot;:&quot;library&quot;},&quot;video_type&quot;:&quot;youtube&quot;,&quot;controls&quot;:&quot;yes&quot;}\" data-widget_type=\"video.default\">\n\t\t\t\t<div class=\"elementor-widget-container\">\n\t\t\t\t\t<div class=\"elementor-wrapper elementor-open-inline\">\n\t\t\t<div class=\"elementor-video\"><\/div>\t\t\t\t<div class=\"elementor-custom-embed-image-overlay\" style=\"background-image: url(https:\/\/docs.traffig.com.br\/wp-content\/uploads\/2024\/12\/img_meta_controle_acesso_escolar.jpg);\">\n\t\t\t\t\t\t\t\t\t\t\t\t\t\t\t\t<div class=\"elementor-custom-embed-play\" role=\"button\" aria-label=\"Reproduzir v\u00eddeo\" tabindex=\"0\">\n\t\t\t\t\t\t\t<svg aria-hidden=\"true\" class=\"e-font-icon-svg e-eicon-play\" viewBox=\"0 0 1000 1000\" xmlns=\"http:\/\/www.w3.org\/2000\/svg\"><path d=\"M838 162C746 71 633 25 500 25 371 25 258 71 163 162 71 254 25 367 25 500 25 633 71 746 163 837 254 929 367 979 500 979 633 979 746 933 838 837 929 746 975 633 975 500 975 367 929 254 838 162M808 192C892 279 933 379 933 500 933 621 892 725 808 808 725 892 621 938 500 938 379 938 279 896 196 808 113 725 67 621 67 500 67 379 108 279 196 192 279 108 383 62 500 62 621 62 721 108 808 192M438 392V642L642 517 438 392Z\"><\/path><\/svg>\t\t\t\t\t\t\t<span class=\"elementor-screen-only\">Reproduzir v\u00eddeo<\/span>\n\t\t\t\t\t\t<\/div>\n\t\t\t\t\t\t\t\t\t<\/div>\n\t\t\t\t\t<\/div>\n\t\t\t\t<\/div>\n\t\t\t\t<\/div>\n\t\t\t\t\t<\/div>\n\t\t<\/div>\n\t\t\t\t<div class=\"elementor-column elementor-col-33 elementor-top-column elementor-element elementor-element-c556bc2\" data-id=\"c556bc2\" data-element_type=\"column\">\n\t\t\t<div class=\"elementor-widget-wrap elementor-element-populated\">\n\t\t\t\t\t\t<div class=\"elementor-element elementor-element-6085e1b elementor-widget elementor-widget-video\" data-id=\"6085e1b\" data-element_type=\"widget\" data-settings=\"{&quot;youtube_url&quot;:&quot;https:\\\/\\\/youtu.be\\\/Cl2lwu-Lv5c?si=lYMcGyfryP7hlU16&quot;,&quot;show_image_overlay&quot;:&quot;yes&quot;,&quot;image_overlay&quot;:{&quot;url&quot;:&quot;http:\\\/\\\/docs.traffig.com.br\\\/wp-content\\\/uploads\\\/2024\\\/12\\\/img_meta_02.jpg&quot;,&quot;id&quot;:2646,&quot;size&quot;:&quot;&quot;,&quot;alt&quot;:&quot;&quot;,&quot;source&quot;:&quot;library&quot;},&quot;video_type&quot;:&quot;youtube&quot;,&quot;controls&quot;:&quot;yes&quot;}\" data-widget_type=\"video.default\">\n\t\t\t\t<div class=\"elementor-widget-container\">\n\t\t\t\t\t<div class=\"elementor-wrapper elementor-open-inline\">\n\t\t\t<div class=\"elementor-video\"><\/div>\t\t\t\t<div class=\"elementor-custom-embed-image-overlay\" style=\"background-image: url(https:\/\/docs.traffig.com.br\/wp-content\/uploads\/2024\/12\/img_meta_02.jpg);\">\n\t\t\t\t\t\t\t\t\t\t\t\t\t\t\t\t<div class=\"elementor-custom-embed-play\" role=\"button\" aria-label=\"Reproduzir v\u00eddeo\" tabindex=\"0\">\n\t\t\t\t\t\t\t<svg aria-hidden=\"true\" class=\"e-font-icon-svg e-eicon-play\" viewBox=\"0 0 1000 1000\" xmlns=\"http:\/\/www.w3.org\/2000\/svg\"><path d=\"M838 162C746 71 633 25 500 25 371 25 258 71 163 162 71 254 25 367 25 500 25 633 71 746 163 837 254 929 367 979 500 979 633 979 746 933 838 837 929 746 975 633 975 500 975 367 929 254 838 162M808 192C892 279 933 379 933 500 933 621 892 725 808 808 725 892 621 938 500 938 379 938 279 896 196 808 113 725 67 621 67 500 67 379 108 279 196 192 279 108 383 62 500 62 621 62 721 108 808 192M438 392V642L642 517 438 392Z\"><\/path><\/svg>\t\t\t\t\t\t\t<span class=\"elementor-screen-only\">Reproduzir v\u00eddeo<\/span>\n\t\t\t\t\t\t<\/div>\n\t\t\t\t\t\t\t\t\t<\/div>\n\t\t\t\t\t<\/div>\n\t\t\t\t<\/div>\n\t\t\t\t<\/div>\n\t\t\t\t\t<\/div>\n\t\t<\/div>\n\t\t\t\t<div class=\"elementor-column elementor-col-33 elementor-top-column elementor-element elementor-element-0518660\" data-id=\"0518660\" data-element_type=\"column\">\n\t\t\t<div class=\"elementor-widget-wrap elementor-element-populated\">\n\t\t\t\t\t\t<div class=\"elementor-element elementor-element-240e900 elementor-widget elementor-widget-video\" data-id=\"240e900\" data-element_type=\"widget\" data-settings=\"{&quot;youtube_url&quot;:&quot;https:\\\/\\\/youtu.be\\\/Cl2lwu-Lv5c?si=lYMcGyfryP7hlU16&quot;,&quot;show_image_overlay&quot;:&quot;yes&quot;,&quot;image_overlay&quot;:{&quot;url&quot;:&quot;http:\\\/\\\/docs.traffig.com.br\\\/wp-content\\\/uploads\\\/2024\\\/12\\\/img_meta_01.jpg&quot;,&quot;id&quot;:2645,&quot;size&quot;:&quot;&quot;,&quot;alt&quot;:&quot;&quot;,&quot;source&quot;:&quot;library&quot;},&quot;video_type&quot;:&quot;youtube&quot;,&quot;controls&quot;:&quot;yes&quot;}\" data-widget_type=\"video.default\">\n\t\t\t\t<div class=\"elementor-widget-container\">\n\t\t\t\t\t<div class=\"elementor-wrapper elementor-open-inline\">\n\t\t\t<div class=\"elementor-video\"><\/div>\t\t\t\t<div class=\"elementor-custom-embed-image-overlay\" style=\"background-image: url(https:\/\/docs.traffig.com.br\/wp-content\/uploads\/2024\/12\/img_meta_01.jpg);\">\n\t\t\t\t\t\t\t\t\t\t\t\t\t\t\t\t<div class=\"elementor-custom-embed-play\" role=\"button\" aria-label=\"Reproduzir v\u00eddeo\" tabindex=\"0\">\n\t\t\t\t\t\t\t<svg aria-hidden=\"true\" class=\"e-font-icon-svg e-eicon-play\" viewBox=\"0 0 1000 1000\" xmlns=\"http:\/\/www.w3.org\/2000\/svg\"><path d=\"M838 162C746 71 633 25 500 25 371 25 258 71 163 162 71 254 25 367 25 500 25 633 71 746 163 837 254 929 367 979 500 979 633 979 746 933 838 837 929 746 975 633 975 500 975 367 929 254 838 162M808 192C892 279 933 379 933 500 933 621 892 725 808 808 725 892 621 938 500 938 379 938 279 896 196 808 113 725 67 621 67 500 67 379 108 279 196 192 279 108 383 62 500 62 621 62 721 108 808 192M438 392V642L642 517 438 392Z\"><\/path><\/svg>\t\t\t\t\t\t\t<span class=\"elementor-screen-only\">Reproduzir v\u00eddeo<\/span>\n\t\t\t\t\t\t<\/div>\n\t\t\t\t\t\t\t\t\t<\/div>\n\t\t\t\t\t<\/div>\n\t\t\t\t<\/div>\n\t\t\t\t<\/div>\n\t\t\t\t\t<\/div>\n\t\t<\/div>\n\t\t\t\t\t<\/div>\n\t\t<\/section>\n\t\t\t\t<\/div>\n\t\t","protected":false},"excerpt":{"rendered":"<p>Base conhecimento 1 Artigos \/ 1 Categorias Documenta\u00e7\u00e3o 0 Artigos \/ 0 Categorias V\u00eddeos 5 Artigos \/ 2 Categorias FAQ 0 Artigos \/ 0 Categorias Certificado SSL Informa\u00e7\u00f5es sobre emiss\u00e3o e uso do certificado SSL Copiar certificado para outras maquinas rede Mais populares Copiar certificado para outras maquinas rede Mais recentes Copiar certificado para outras [&hellip;]<\/p>\n","protected":false},"author":1,"featured_media":0,"parent":0,"menu_order":0,"comment_status":"closed","ping_status":"closed","template":"elementor_header_footer","meta":{"footnotes":""},"class_list":["post-2268","page","type-page","status-publish","hentry"],"_links":{"self":[{"href":"https:\/\/docs.traffig.com.br\/index.php\/wp-json\/wp\/v2\/pages\/2268","targetHints":{"allow":["GET"]}}],"collection":[{"href":"https:\/\/docs.traffig.com.br\/index.php\/wp-json\/wp\/v2\/pages"}],"about":[{"href":"https:\/\/docs.traffig.com.br\/index.php\/wp-json\/wp\/v2\/types\/page"}],"author":[{"embeddable":true,"href":"https:\/\/docs.traffig.com.br\/index.php\/wp-json\/wp\/v2\/users\/1"}],"replies":[{"embeddable":true,"href":"https:\/\/docs.traffig.com.br\/index.php\/wp-json\/wp\/v2\/comments?post=2268"}],"version-history":[{"count":17,"href":"https:\/\/docs.traffig.com.br\/index.php\/wp-json\/wp\/v2\/pages\/2268\/revisions"}],"predecessor-version":[{"id":2701,"href":"https:\/\/docs.traffig.com.br\/index.php\/wp-json\/wp\/v2\/pages\/2268\/revisions\/2701"}],"wp:attachment":[{"href":"https:\/\/docs.traffig.com.br\/index.php\/wp-json\/wp\/v2\/media?parent=2268"}],"curies":[{"name":"wp","href":"https:\/\/api.w.org\/{rel}","templated":true}]}}